 when t is divided by 132?
127
Let x = 277 + -275. Suppose 5*j = x*y + 118, 0 = 2*j - 4*y + 17 - 77. Calculate the remainder when 86 is divided by j.
20
Let q = 156 - 84. Let c(m) = m**3 - 16*m**2 + 3*m - 11. Calculate the remainder when q is divided by c(16).
35
Calculate the remainder when 818 is divided by (-4 + 2)*134*(55/(-20) - -2).
14
Suppose 3*s - 10 = 41. Let i(l) = 3*l - 42. Calculate the remainder when 23 is divided by i(s).
5
Suppose -k + y = 0, -7*k - y = -2*k - 18. Calculate the remainder when -5 - ((-126)/28)/(1/2) is divided by k.
1
Suppose -3*u = h - 3 - 9, h - 7 = -2*u. Suppose -w = -5*n - 9 + 754, u*w = 0. Calculate the remainder when n is divided by 22.
17
Suppose -2*q + 58 + 14 = 0. Let n = 2741 - 2527. What is the remainder when n is divided by q?
34
Suppose -4*s - 127 = -39. Let f = 62 + s. Suppose 5*z - y = -4*y + 64, 67 = 5*z + 4*y. What is the remainder when f is divided by z?
7
Let j be 3/(102/4) - 3528/(-357). Suppose -5*h - 10 = j, 2*h + 203 = 5*z. What is the remainder when z is divided by 14?
11
Let r(k) = k**3 + 4*k**2 + 2*k + 2. Let m be 3/((-108)/8) + (-25)/9. Let t be r(m). Suppose 0 = t*d + 18 - 98. Calculate the remainder when 45 is divided by d.
13
Calculate the remainder when (-13 - (-28 + 2)) + 143 is divided by 12.
0
Suppose 14*j - 120 + 64 = 0. Let t(g) = 4*g**2 - 14*g + 4. What is the remainder when 382 is divided by t(j)?
10
Suppose 35 = 4*f - 57. Let g = f - -354. What is the remainder when g is divided by 27?
26
Suppose -93 = -4*y - 4*h - 29, 0 = y + 5*h - 20. Calculate the remainder when 1634 is divided by y.
14
Let s(a) = -a + 71. Let g be s(-10). Suppose z - 4*i - g = 0, -i = 5*z + i - 361. Calculate the remainder when 726 is divided by z.
69
Suppose -7*u + 43*u - 72 = 0. What is the remainder when 216 is divided by (u + 12/2)/((-44)/(-242))?
40
Suppose 0 = -40*l + 61675 - 19795. What is the remainder when l is divided by 22?
13
Let y = -1223 - -2084. Calculate the remainder when y is divided by 9.
6
Suppose p + 114*n - 19863 = 109*n, 3*p + 4*n = 59666. Calculate the remainder when p is divided by 10.
8
Let c(u) = 136*u**2 - 4*u - 5. Calculate the remainder when c(4) is divided by 24.
19
Suppose 12*g - 12*g = -79*g + 26149. Calculate the remainder when g is divided by 42.
37
Let y = -5776 - -9960. Calculate the remainder when y is divided by 1393.
5
Let c = 941 + -909. Let j = 15 + -6. What is the remainder when j is divided by -5*(c/40 - 2)?
3
Let m be (-34)/(-9) - (-6)/27. Suppose 0 = -m*i - 33*i + 1073. Calculate the remainder when 133 is divided by i.
17
Suppose -3*k = 3*m - 72, -4*k + 110 + 9 = 5*m. Suppose -3*f = -4*s - 12, -f + 5*s = 4*s - 3. What is the remainder when m is divided by 20/10 + 5 + f + 1?
7
Suppose 5*r - f - 10 = 0, 5*f - 16 = -2*r + 5*r. Suppose -r*q + 109 = -56. What is the remainder when 163 is divided by q?
53
Let k = 103 - 97. Suppose -15 = k*a - 9*a. Suppose a*b - 220 = y + 264, 5*b - 3*y = 482. Calculate the remainder when b is divided by 25.
22
Let h = -2701 + 2846. What is the remainder when h is divided by 37?
34
Suppose 5*p - 269 = -94. Suppose -m - 4*m + 30 = -r, -10 = -5*m - 3*r. Let c(b) = b**2 - 2*b - 6. Calculate the remainder when p is divided by c(m).
8
Suppose 3*w + 19 - 52 = 0. Suppose -20*p = -a - 16*p + 758, 5*p + 2239 = 3*a. Suppose 0 = -5*g + 23*g - a. Calculate the remainder when g is divided by w.
8
Let f = -94 + 137. Suppose 3*a + 4*x - f = 0, -a + 7*x + 26 = 6*x. Calculate the remainder when 57 is divided by a.
15
Suppose -9206 = -52*m - 1250. What is the remainder when m is divided by 40 + 1 + 4/4?
27
Let t(x) = -x**3 - 11*x**2 - 2*x - 8. Let p(a) = -a**3 - 2*a + 2. Let d be p(1). What is the remainder when -2*(9/d - 3) - 1 is divided by t(-11)?
9
Let s = -72 + 60. Calculate the remainder when (-18)/(-24) - 207/s is divided by 4.
2
Let v = 1424 - 1401. What is the remainder when 1469 is divided by v?
20
Let g = -735 - -880. Calculate the remainder when 551 is divided by g.
116
Suppose 0 = -14*t + 28*t - 630. Let g(u) = u**2 + u - 29. Let s be g(0). Let l = s + t. Calculate the remainder when 28 is divided by l.
12
Let s(p) = -2*p**2 + 3*p + 73. Let n be s(8). Let r = 69 - n. What is the remainder when r is divided by 20?
0
Let i = 284 - 353. Let x = i + 72. What is the remainder when 19 is divided by x?
1
Calculate the remainder when 571 is divided by 5/(-15)*(-15)/10*26.
12
Let x = 41 + -28. Let y(i) = i**3 + 25*i**2 + i + 21. Let f be y(-25). What is the remainder when ((-2)/3)/(f/(-18)) - -50 is divided by x?
8
Suppose -26*d + 31*d = t + 243, 0 = 5*t + 15. Suppose -i + 18 = -3*a - d, 3*i - 191 = 2*a. What is the remainder when i is divided by 16?
15
Suppose -12 = -4*y + 8. Suppose 0 = 32*p - 34*p + i + 58, -97 = -3*p + 4*i. What is the remainder when p is divided by y?
2
Suppose -58*d + 12 = -55*d. What is the remainder when 176/d - 1/1 is divided by 4*1*5*16/20?
11
Suppose -64 = -5*j + 81. What is the remainder when 47 is divided by (j - 18) + -1 + 6?
15
Let f = 14 - 142. Calculate the remainder when (-1 - 2/(-3))*(-1 + f) is divided by 25.
18
Suppose -31*r = -2041 - 8530. Calculate the remainder when r is divided by 80.
21
Let s(w) be the third derivative of -w**5/30 + 5*w**4/8 - 3*w**3/2 + w**2 - 4. Let q be s(4). Let u = 106 + q. Calculate the remainder when u is divided by 42.
41
Suppose -9*u = 14*u - 7705. Let y = 370 - u. What is the remainder when 115 is divided by y?
10
Let z be 40/16 - (-5)/(-10). Suppose -3*p - 8*n + 3*n = -106, -z*p = 5*n - 79. Calculate the remainder when 63 is divided by p.
9
Suppose 75*p + 1012 = 77*p. Suppose 21*x - 250 - p = 0. What is the remainder when 718 is divided by x?
34
Let p be -4 - (3 + -5) - (3 + 62). Let t = 86 + p. Suppose -t = -k - 0. What is the remainder when k is divided by 2?
1
Suppose 54 = -3*b + 5*k + 1266, 3*b - 4*k = 1218. What is the remainder when b is divided by 409?
5
Let t be 59 + -18 + 15 - 0/(-2). Suppose 191 = t*h - 7481. What is the remainder when h is divided by 36?
29
Let n(x) = -x**3 - 7*x**2 - 7*x - 1. Let j be n(-6). Let h(o) = 3*o - 2. Let y be h(j). Suppose y*b = 15*b - 34. What is the remainder when b is divided by 5?
2
Suppose 0 = -172*q + 173*q + 4, -5*b - 5*q + 2925 = 0. Calculate the remainder when 1813 is divided by b.
46
Let p(x) be the first derivative of 2*x**3/3 - 15*x**2/2 + 32*x - 61. Calculate the remainder when p(9) is divided by 21.
17
Let a = 7725 - 7216. What is the remainder when a is divided by 128?
125
Let m = -50 - -51. What is the remainder when ((-5)/(15/(-21)))/(m/7) is divided by 20?
9
Let t be (-14 - -9)/(-1 - 4/(-5)). Let x = -11 + t. Let k(u) = -u**3 + 15*u**2 - 15*u + 22. Calculate the remainder when k(x) is divided by 6.
2
Let l = 443 + -438. Let x be -5*-2*2/10. Suppose 0 = 5*i - l*g - 40, 3*g - 8*g - 28 = -x*i. Calculate the remainder when 15 is divided by i.
3
Let n(q) = 21*q**2 - 13*q + 43. Calculate the remainder when n(6) is divided by 38.
37
Let g(v) = -188*v + 132. Let c be g(-2). Let i = c + 18. Calculate the remainder when i is divided by 12.
10
Let b(z) = -15*z + 1. Calculate the remainder when b(-6) is divided by 2/(-48) - 269600/(-19200).
7
Let n = -16549 + 16621. Let q be 1/(1/2 - 0). Suppose -2*r + 12 = q*r, 0 = -j - 4*r + 27. Calculate the remainder when n is divided by j.
12
What is the remainder when 361 is divided by 3548/20 + 16/(-40)?
7
Suppose -s = -25 - 39. Let k = 30380 - 30341. What is the remainder when s is divided by k?
25
Let t(z) = z**3 - 3*z**2 - z + 2. Let j(w) = 10*w - 284. Let y be j(-16). Let v = -404 - y. Calculate the remainder when v is divided by t(4).
12
Suppose -4*r + 6*h + 1468 = 0, -58*r + 53*r - 2*h = -1759. What is the remainder when r is divided by 181?
174
Let m(k) = -k**2 - 21*k - 18. Let b = -920 + 943. Calculate the remainder when m(-12) is divided by b.
21
Suppose -4*x + 3464 = -534*u + 538*u, -4*u = -x - 3499. What is the remainder when u is divided by 91?
54
Let c = -536 + 576. Let d = -67 - -144. Calculate the remainder when d is divided by c.
37
Let q = 8908 - 8817. Calculate the remainder when q is divided by 3.
1
Let v(k) = -k**3 + 14*k**2 - 15*k - 53. Calculate the remainder when v(11) is divided by 3.
1
Let r be 22*(381/(-6) - 11). Let n = 1716 + r. What is the remainder when n i